, 73, 173
What are the prime factors of 27731041?
13, 164089
List the prime factors of 386610.
2, 3, 5, 7, 263
What are the prime factors of 17784986?
2, 8892493
List the prime factors of 81132.
2, 3, 6761
List the prime factors of 153559.
7, 21937
List the prime factors of 359438.
2, 179719
List the prime factors of 16754415.
3, 5, 31, 137, 263
What are the prime factors of 1060858?
2, 530429
List the prime factors of 29224511.
29224511
What are the prime factors of 162716?
2, 19, 2141
What are the prime factors of 24950986?
2, 421, 29633
What are the prime factors of 1259416?
2, 157427
What are the prime factors of 484124?
2, 127, 953
List the prime factors of 8228805.
3, 5, 13, 19, 2221
What are the prime factors of 1482906?
2, 3, 59, 71
What are the prime factors of 1757817?
3, 17, 11489
What are the prime factors of 97801?
11, 17, 523
List the prime factors of 683104.
2, 21347
What are the prime factors of 24428003?
24428003
What are the prime factors of 736109?
11, 66919
List the prime factors of 5227240.
2, 5, 130681
List the prime factors of 323468.
2, 193, 419
List the prime factors of 4936860.
2, 3, 5, 27427
List the prime factors of 149236.
2, 37309
What are the prime factors of 12170147?
11, 17, 151, 431
List the prime factors of 761742.
2, 3, 101, 419
List the prime factors of 572152.
2, 7, 17, 601
List the prime factors of 1378304.
2, 673
What are the prime factors of 365169?
3, 7, 17389
What are the prime factors of 6077739?
3, 19, 106627
List the prime factors of 736903.
736903
What are the prime factors of 678691?
13, 17, 37, 83
List the prime factors of 121230.
2, 3, 5, 449
List the prime factors of 311055.
3, 5, 89, 233
List the prime factors of 66493.
7, 23, 59
List the prime factors of 282661.
282661
List the prime factors of 3951908.
2, 41, 24097
List the prime factors of 17005148.
2, 317, 13411
What are the prime factors of 2106779?
2106779
What are the prime factors of 10215827?
17, 600931
List the prime factors of 70997.
70997
List the prime factors of 907923.
3, 127, 2383
List the prime factors of 993817.
11, 167, 541
What are the prime factors of 2462868?
2, 3, 37, 43
List the prime factors of 2399054.
2, 7, 19, 29, 311
What are the prime factors of 609406?
2, 7, 19, 29, 79
What are the prime factors of 1156526?
2, 7, 82609
List the prime factors of 1423677.
3, 23, 47, 439
What are the prime factors of 2006334?
2, 3, 11, 10133
List the prime factors of 127286.
2, 31, 2053
What are the prime factors of 342955?
5, 113, 607
List the prime factors of 2093293.
71, 29483
List the prime factors of 51476.
2, 17, 757
List the prime factors of 470532.
2, 3, 113, 347
What are the prime factors of 1833657?
3, 7, 87317
List the prime factors of 1575437.
1575437
List the prime factors of 311965.
5, 43, 1451
What are the prime factors of 92534?
2, 13, 3559
List the prime factors of 1720794.
2, 3, 59, 4861
List the prime factors of 68651.
11, 79
List the prime factors of 13201645.
5, 43, 61403
List the prime factors of 31610152.
2, 7, 564467
List the prime factors of 7024574.
2, 547, 6421
What are the prime factors of 8485446?
2, 3, 1414241
List the prime factors of 14060960.
2, 5, 87881
What are the prime factors of 4146364?
2, 199, 5209
List the prime factors of 272758.
2, 136379
List the prime factors of 226132.
2, 56533
List the prime factors of 833862.
2, 3, 138977
List the prime factors of 857748.
2, 3, 71479
List the prime factors of 3086.
2, 1543
What are the prime factors of 2197219?
59, 167, 223
List the prime factors of 21125501.
21125501
What are the prime factors of 5741814?
2, 3, 13, 73613
What are the prime factors of 2955490?
2, 5, 337, 877
List the prime factors of 21998143.
19, 23, 71, 709
List the prime factors of 80964.
2, 3, 13, 173
What are the prime factors of 495729?
3, 13, 19, 223
What are the prime factors of 876118?
2, 103, 4253
What are the prime factors of 1840029?
3, 17, 109, 331
What are the prime factors of 125737?
125737
List the prime factors of 403233.
3, 257, 523
List the prime factors of 115513.
115513
What are the prime factors of 1010327?
17, 103, 577
List the prime factors of 9104374.
2, 4552187
What are the prime factors of 13017?
3, 4339
What are the prime factors of 535860?
2, 3, 5, 13, 229
What are the prime factors of 2995962?
2, 3, 499327
What are the prime factors of 1918765?
5, 383753
List the prime factors of 2222778.
2, 3, 370463
List the prime factors of 447126.
2, 3, 74521
What are the prime factors of 17317976?
2, 13, 89, 1871
List the prime factors of 1453105.
5, 290621
List the prime factors of 85312.
2, 31, 43
What are the prime factors of 16504?
2, 2063
What are the prime factors of 3304120?
2, 5, 17, 43, 113
List the prime factors of 732150.
2, 3, 5, 1627
List the prime factors of 1917651.
3, 17, 19, 1979
List the prime factors of 13902330.
2, 3, 5, 13, 43, 829
List the prime factors of 607335.
3, 5, 19, 2131
List the prime factors of 5449902.
2, 3, 908317
List the prime factors of 230985.
3, 5, 29, 59
What are the prime factors of 1846129?
1846129
List the prime factors of 38952.
2, 3, 541
What are the prime factors of 5051190?
2, 3, 5, 137, 1229
List the prime factors of 1686694.
2, 843347
What are the prime factors of 906938?
2, 113, 4013
What are the prime factors of 2142136?
2, 17, 19, 829
What are the prime factors of 21518103?
3, 43, 166807
What are the prime factors of 26500?
2, 5, 53
List the prime factors of 501787.
11, 13, 29
What are the prime factors of 145848?
2, 3, 59, 103
List the prime factors of 3903701.
397, 9833
List the prime factors of 3173672.
2, 396709
List the prime factors of 913373.
913373
What are the prime factors of 66134?
2, 43, 769
List the prime factors of 2248883.
7, 13, 1901
What are the prime factors of 635767?
11, 29, 1993
What are the prime factors of 1158228?
2, 3, 32173
What are the prime factors of 821160?
2, 3, 5, 2281
What are the prime factors of 445479?
3, 163, 911
What are the prime factors of 33307393?
7, 157, 30307
List the prime factors of 297317.
297317
List the prime factors of 2843376.
2, 3, 37, 1601
List the prime factors of 3689286.
2, 3, 614881
What are the prime factors of 2870161?
7, 17, 89, 271
What are the prime factors of 302236?
2, 11, 6869
List the prime factors of 364941.
3, 23, 41, 43
List the prime factors of 4823700.
2, 3, 5, 7, 2297
What are the prime factors of 533972?
2, 133493
What are the prime factors of 93188?
2, 23297
List the prime factors of 336905.
5, 43, 1567
What are the prime factors of 3052533?
3, 11, 233, 397
What are the prime factors of 318354?
2, 3, 97, 547
List the prime factors of 238396.
2, 107, 557
List the prime factors of 16523313.
3, 5507771
What are the prime factors of 13746?
2, 3, 29, 79
List the prime factors of 193623.
3, 233, 277
List the prime factors of 2481657.
3, 599, 1381
What are the prime factors of 34446?
2, 3, 5741
List the prime factors of 614510.
2, 5, 13, 29, 163
List the prime factors of 5197013.
19, 273527
List the prime factors of 8891550.
2, 3, 5, 19759
What are the prime factors of 2001706?
2, 7, 142979
What are the prime factors of 3579518?
2, 383, 4673
What are the prime factors of 228033?
3, 13, 1949
What are the prime factors of 202281?
3, 67427
List the prime factors of 499477.
11, 17, 2671
What are the prime factors of 894909?
3, 298303
List the prime factors of 1073859.
3, 59, 6067
What are the prime factors of 13832809?
13832809
What are the prime factors of 15546940?
2, 5, 19, 163, 251
List the prime factors of 235151.
7, 4799
What are the prime factors of 3077215?
5, 31, 19853
List the prime factors of 475458.
2, 3, 109, 727
What are the prime factors of 172457?
37, 59, 79
What are the prime factors of 16027525?
5, 641101
List the prime factors of 156783.
3, 11, 4751
What are the prime factors of 2586264?
2, 3, 107761
List the prime factors of 399733.
61, 6553
What are the prime factors of 903625?
5, 7229
List the prime factors of 621444.
2, 3, 51787
What are the prime factors of 18168178?
2, 7, 1297727
List the prime factors of 2003533.
7, 193, 1483
What are the prime factors of 8339127?
3, 61, 45569
What are the prime factors of 28466?
2, 43, 331
What are the prime factors of 491645?
5, 7, 11, 1277
List the prime factors of 772125.
3, 5, 29, 71
W